+ 2*b + 104935. Is q a composite number?
True
Let z = 284 + -279. Is 12/90*29649 + (-1)/z prime?
False
Let f = -33990 + 72497. Suppose -14070 = 7*l - f. Is l a composite number?
False
Let b = 12560 + -23986. Let h = b - -16093. Is h a prime number?
False
Let v(f) = 122*f**2 - 19*f + 19. Let z be v(15). Suppose -20*k - z + 103364 = 0. Is k a prime number?
False
Suppose 2*q + 15 = -4*k - k, 3*k + 28 = -5*q. Is (-18 - -365)*k/4*-20 prime?
False
Suppose 18*z = 170 - 62. Is (8675/(-10) + 8)*(-4)/z prime?
False
Let z be 6/4 - 7/((-42)/297). Suppose 47*r + 1580 = z*r. Suppose 5*t - 40 = r. Is t a prime number?
False
Let m be 4 + (-3 + 31)/(-4) + 5. Suppose -n - n - 2*j = -26300, -26321 = -m*n + 5*j. Is n composite?
True
Let r = -682804 + 1064931. Is r a prime number?
False
Let l = -114826 - -223757. Is l prime?
False
Let j be (-4 + 5)/(2/(-20)). Let r(q) = -1 - 10 - q**3 + 13*q - 10*q + 2*q**2. Is r(j) composite?
True
Let m(k) = 270*k + 34. Let b be m(11). Suppose 10*w - b = 5506. Is w a composite number?
True
Let v = 183 + -194. Is 179542/7 + v/(-77) prime?
False
Suppose 16*z + 2 = 14*z, -q = 4*z + 2924. Let v = -1559 - q. Is v a composite number?
False
Suppose 2*l + 2*l + 24 = 0. Let k(p) = 17 + 15 - 300*p - 31. Is k(l) composite?
False
Suppose -i = h + i - 11889, -5*i + 23779 = 2*h. Let g = 1232 + h. Is g prime?
False
Suppose -2*u + 2*h + 18 = 0, 2*u + 31*h - 26*h - 11 = 0. Is (-28504)/(-24) + u/(-12) a prime number?
True
Let b = 20722 + 9569. Suppose 228*c - b = 225*c. Is c a prime number?
False
Suppose 4*u - 2 = -146. Let a = u - -42. Suppose 2*b - a*b + 5444 = 0. Is b a composite number?
False
Suppose -y - 8*h + 10*h + 275 = 0, 0 = -4*y + 3*h + 1105. Let v be 0 - (y*(-10 + -3))/(-1). Let n = 6140 + v. Is n composite?
False
Suppose 20 = -6*k + 38. Let z = 380 - k. Is z prime?
False
Let k be (79 + 1)*(22 - 3). Let h = 3997 - k. Is h composite?
False
Let c(l) = -l + 10. Let z be c(8). Let q be z/(-3) - (-578)/(-6). Let v = 210 + q. Is v a prime number?
True
Let d(i) = 2*i**3 + 14*i**2 + 3. Let t be d(-7). Suppose 0 = -t*j + 3*g + 11709, -2*j + 4883 = -5*g - 2935. Is j a prime number?
False
Suppose 9*x = -14*x + 2181099 + 7180660. Is x a composite number?
True
Suppose -1478 = -i + v, 2*i - 4796 + 1860 = -2*v. Suppose -765*x + 762*x + i = 0. Is x a prime number?
True
Suppose -13*n - 42 = -6*n. Let l(t) = -42*t**3 - 15*t**2 - 45*t + 11. Is l(n) a prime number?
False
Suppose -17*j + 3225 = -12*j. Suppose -949 = -2*z + j. Is z composite?
False
Let c(v) = 14*v**3 + 13*v**2 + 16*v - 9. Suppose 3*t - 18 = -4*h, -3*t + 7*t - 5*h = 24. Is c(t) prime?
False
Let l(k) = 1897*k - 975. Is l(28) a prime number?
False
Let l(s) = -13*s + 13. Let y be ((1 - -1)*-1)/(5/(-25)). Let v be l(y). Let m = 232 + v. Is m a prime number?
False
Is (16938 - 39) + (2/(-1) - -12) prime?
False
Suppose -9 + 5 = -h. Suppose 4 = -2*j - 2*f + 30, 0 = h*j + f - 52. Is j composite?
False
Suppose -j + 40241 = 3*t, -5*j - 5*t + 6774 = -194471. Is j a composite number?
False
Let l(j) be the second derivative of 6085*j**4/12 - 5*j**3/6 + j**2/2 + 3*j - 1. Is l(1) composite?
True
Let b = -958 - -330. Let f = -247 - b. Is f a prime number?
False
Let s(v) = -v - 2. Let m be s(-1). Suppose -2*r - 13802 = 15442. Is (0 - 1)/((-6)/r*m) composite?
False
Let m(f) = -f**3 + 12 + 24*f**2 + 19 - 23*f - 17 + 17. Is m(19) prime?
True
Is (4*(-785)/(-30))/(10/2985) composite?
True
Suppose -170*f + 344*f = 157*f + 9904693. Is f composite?
True
Suppose -6*f + 103242 = 3*g - 9*f, 0 = 4*g - 3*f - 137653. Is g a prime number?
False
Let u = 234 - 238. Is (-53)/(-5)*(-2 + 3 - u) composite?
False
Let i(q) = 2319*q - 20. Let a be i(2). Let r = 3093 + a. Is r a composite number?
True
Is (100/8)/(-25)*-7343788 - -9 a composite number?
False
Let x be (-16)/12*-1*18. Suppose 0 = -x*y + 36*y - 61932. Is y prime?
False
Suppose 5*p + 2*w = 4, -p + 3*w = -1 - 10. Let y(x) = -19 - 2*x**3 - x**p + 8 - 20*x + 9*x. Is y(-14) prime?
False
Let f be (6 - 8)*(-3)/2. Suppose 12 + 14 = 4*d - 2*l, 0 = f*d + 3*l - 15. Is (3140/d)/((-2)/(-3)) a prime number?
False
Let v(r) = -1548*r - 955. Is v(-17) a composite number?
True
Let s = 60 - 48. Suppose 4*k - 8 = s. Suppose r + 0*n - k*n - 313 = 0, 1477 = 5*r - 3*n. Is r composite?
False
Let i = 53205 - -25542. Is i composite?
True
Let j(a) = -a**2 + 15*a - 46. Let o be j(10). Let b = 34 + -31. Suppose 6329 = o*p - m, b*p - 4746 = -m + 2*m. Is p composite?
False
Let j(m) = 7101*m**2 - 139*m + 597. Is j(4) composite?
False
Suppose 0 = 5*x + 10, 70*g - 5*x + 15286 = 68*g. Let q = g - -13385. Is q composite?
False
Let z be (-6)/(-15*(-9)/90). Is 1/z + (-91498)/(-8) prime?
True
Suppose -62934 - 83376 = -2*k + 56792. Is k prime?
False
Let v(c) = -89*c - 3 + 8 - 15. Let b(w) = 90*w + 11. Let l(p) = 2*b(p) + 3*v(p). Is l(-3) prime?
False
Is (-2)/(-15) - (-800201618)/2190 prime?
False
Suppose -m + 5 - 2 = -c, 0 = -c + 2. Suppose -j + 18140 = 3*j - d, m*d = j - 4535. Is j composite?
True
Suppose -65*f + 17824796 + 25235844 = 95*f. Is f prime?
False
Let z be (5/(-3))/((-14)/84). Let a be 3 - ((-12)/z)/((-3)/10). Is (a + 1 - 53)*-5 a prime number?
False
Let p(b) = 2*b - 10. Let c be p(4). Is (550 - -47)*c/12*-22 prime?
False
Suppose -2200*h - 3218382 = -2206*h. Is h composite?
True
Let n = 8555 + 5474. Is n a composite number?
False
Let n = 40 - 35. Let i(j) = j**2 + j - 32. Let s be i(n). Is (183/(-12) + -2)/(s/8) prime?
False
Suppose -26381719 = -29*x - 28*x - 34*x. Is x a prime number?
False
Let t(m) = -160*m - 59. Let d(i) = -321*i - 117. Let r(s) = 6*d(s) - 11*t(s). Suppose -3*a = -49 + 103. Is r(a) a composite number?
True
Suppose 12*y + 981566 = -34*y + 3741152. Is y a prime number?
False
Let a = 27419 - -87174. Is a prime?
True
Let y be (-42 - -47)/((-10)/(-336)). Suppose f = -0*f. Suppose u = 4*u - 3*o - y, 4*o - 12 = f. Is u a composite number?
False
Let c(a) = 4*a + 56. Let l be c(-9). Suppose -4*z = -16, -5*z = -6*h + 2*h - l. Suppose 2*i + 657 - 3421 = h. Is i a composite number?
True
Suppose p = 943 - 194. Suppose -b - 3*d + p = -2*d, -5*b + 3718 = -4*d. Is b prime?
False
Let w be 1489/5 - ((-27)/(-15) - 1). Let m = w + -215. Is m a prime number?
False
Let q(x) = -x + 17. Let l be q(14). Suppose 0 = -o + 3*o - 3*p, 4*o - l*p - 6 = 0. Suppose 2*z - 5201 = -o*n + 6*z, 0 = 2*n - 5*z - 3479. Is n prime?
False
Let h(l) = 4*l - 81. Let q be h(22). Let y(s) = s + 22. Let j be y(q). Is (2*j/2)/(2/122) composite?
True
Let i(x) = 2*x**3 - 8*x**2 + 4*x - 8. Let h be i(10). Suppose -69552 = 63*l - 75*l. Suppose -4*t + h = -l. Is t a prime number?
False
Suppose -3*d + 51 = 2*o, 3*d + 11*o - 33 = 15*o. Is (-4*2164/(-16))/(3/d) a prime number?
False
Let w(l) be the second derivative of -l**5/20 + 5*l**4/12 + l**3/3 - 3*l**2/2 + 14*l. Let c be w(5). Suppose -4*j + 51 - c = 0. Is j prime?
True
Suppose 6 = -76*h + 77*h. Let d(z) = 72*z**2 + 88*z - 7. Is d(h) a prime number?
False
Let c(k) = -2*k**2 + 232*k + 960. Let r be c(120). Let f(g) = 2*g**2 + 869 + 0*g + g - 3*g**2. Is f(r) a composite number?
True
Let c be (-24)/(-72) - 60296/(-3). Suppose -g = 3*x - 7735, 5*g - c = -3*x + 18624. Suppose 3*h = -3*p + 7722, -3*h + 2*p = -0*p - g. Is h prime?
True
Suppose -5*w + 5456765 = 264660. Is w prime?
True
Let b be ((-1)/(-3))/(37/46953). Let h = 56 + b. Is h prime?
True
Is 582/9*22/(396/2133) a composite number?
True
Suppose -2*n = 5*f + 29, -71 + 9 = 5*n + 2*f. Let b(d) = -d**3 - 8*d**2 + 7*d + 8. Let r be b(n). Suppose 1 = -p + r. Is p prime?
True
Suppose -9*z + 7*z + 4*j + 359030 = 0, -30 = 5*j. Is z prime?
False
Let x(g) = 95578*g - 1278. Is x(14) a composite number?
True
Let h(v) = -33*v**3 + 11 - 7*v**2 - 8*v**2 + v + 34*v**3 - 9*v. Suppose -4*p = -2*k - 64, -5*p + 3*k + k = -77. Is h(p) composite?
True
Let l be 2 - ((-17)/4 - 6/(-24)). Let v be -2 + 3/l*2202. Suppose -d = -v - 552. Is d a composite number?
True
Let a = -1632 - -3082. Let s = -701 + a. Is s prime?
False
Let r = 1720 - 4958. Let j = -1673 - r. Is j a prime number?
False
Let t = 8122 + -6434. Let c(h) = -233*h + 4. Let s be c(-3). Let d = s + t. Is d a composite number?
True
Let i be 1/((-2)/(-214) + 0). Let p = -107 + i. Suppose p = 12*s - 2786 - 2866. Is s prime?
False
Let c(l) = -21*l**3 + 2*l + 2. Let n be c(-1). Is (20 - n)*907